e
Let h = -5404 + 399. Let n = h + 9596. Is n composite?
False
Let b(d) = -62*d**3 - 5*d. Let u be b(-3). Suppose a = 5*s - 49 - u, -1723 = -5*s - 4*a. Is s a prime number?
True
Let l(b) = 12*b**2 - 16*b + 3. Suppose h + 5*s - 32 = 0, -3*h + 15 + 21 = 3*s. Is l(h) prime?
True
Suppose -4*l = 3*y - 14133 - 4522, -5*l + 23290 = -2*y. Suppose 3*k = -k + l. Is k prime?
False
Suppose n + 3*z = -52, -n - z + 260 = -6*n. Let s = 73 + n. Is s a prime number?
False
Let p = -448 - -3489. Is p a prime number?
True
Suppose -3*s = -6, -b + 11404 = 4*s - 2823. Is b a prime number?
False
Let k(u) = -u**3 - 11. Let d be k(-11). Suppose d = 3*m - 8*m. Let z = -143 - m. Is z a prime number?
False
Let g = -1215 - -8968. Is g a composite number?
False
Let y(w) = 2328*w**2 - 1. Is y(-1) a composite number?
True
Let c(l) = -23*l**3 + 21*l**2 + 45*l - 4. Is c(-9) composite?
False
Let o(l) = -24*l**3 - l**2 + 12*l + 18. Is o(-5) prime?
False
Let n(c) = 6*c**2 + 3*c + 7. Let b(s) = -s**3 + s**2 - s - 1. Let a(q) = b(q) - n(q). Is a(-7) prime?
False
Let k(p) = 4*p**2 + 21*p + 17. Let a be 5*((-66)/15 + 2). Is k(a) composite?
True
Suppose 0*s - 3*y = -2*s + 9194, 4*y + 22971 = 5*s. Is s prime?
True
Is (7 + -18 - -4)*1 - -54452 prime?
False
Suppose -16 = 5*g - 7*g. Suppose -g = 4*v, v + 34 = -3*q + 269. Is q a prime number?
True
Let a = 35 - 14. Let j(s) = -a - 8*s**2 + 5 + 2*s**2 + 7*s + 9*s**2. Is j(-7) a composite number?
True
Suppose 4*l + 1313 = -219. Is (-4)/8 + l/(-2) prime?
True
Let u(t) = t**3 + 2*t**2 + 4*t + 31. Is u(16) a composite number?
False
Let p(m) = 6*m**3 + m**2 + 2. Let h be p(-2). Let g be ((-216)/28)/(9/h). Is (-4)/(-18) - (-3412)/g a composite number?
True
Is (11512 - 0)*(-50)/(-400) a composite number?
False
Is 0 - (-89*65 - -6) a composite number?
False
Let c be (-144)/(-8) + (-2)/(-2). Let d(k) = -2*k - 65*k**3 - 6 - 2*k**2 + c*k**3 + 4 - 39*k**3. Is d(-2) composite?
True
Suppose 4*i + 3*b - 441 = 8779, 0 = -b. Suppose -22*c = -21*c - i. Is c prime?
False
Suppose -l + 4 = 3*n - 10, -22 = -4*n - 2*l. Suppose -3*f = n*f - 3522. Is f a prime number?
True
Let v = -7 - -21. Is (-4)/v + (-26550)/(-70) a composite number?
False
Is 9203*10 + 21 + -18 a prime number?
True
Let m(a) = a**2 - 14*a + 16. Suppose 0*d + 5*o + 44 = 2*d, 0 = -3*d - 5*o + 16. Let p be m(d). Let g(x) = x**2 + 2*x + 5. Is g(p) a prime number?
True
Suppose -128*w = -143*w + 77325. Is w composite?
True
Suppose 5*q = -28 + 8. Let f(a) = -245*a + 4. Let w be f(q). Let t = w - 505. Is t composite?
False
Suppose -2 = -4*q + 54. Let m be (-4)/14 + (-1914)/q. Let g = m - -202. Is g prime?
False
Suppose -15*a + 173043 + 314142 = 0. Is a a prime number?
True
Let l = 11372 + -1174. Is l a prime number?
False
Let z = 2273 + 20. Suppose i = -4*n + z + 1521, n - 5*i - 943 = 0. Is n composite?
False
Let c be -3 - (0 + (-4)/(-12))*-9. Suppose 0*x - 4*h + 997 = x, x - 5*h - 1024 = c. Is x a prime number?
True
Suppose 2*f - 3*f + 4 = 2*x, 5*x + f - 7 = 0. Suppose -5*k + 3*l + 22 = 0, -3*k = l - 3 + 1. Is 1/(k*x/218) a composite number?
False
Is ((-4)/6)/((-509229)/(-169749) - 3) a composite number?
False
Let u = 28 + -19. Is (u - (1 + 4)) + 675 composite?
True
Let f = 531 - 266. Suppose -z = -3*z - 2*v + 532, 2*v - f = -z. Is z prime?
False
Let t be (-54)/(-10) + (-10)/25. Suppose 5*r - t*z - 8195 = -0*r, 4*z + 1645 = r. Is r composite?
False
Let c = 15506 + -5725. Is c prime?
True
Let o(b) = 9*b**2 + 3. Let r(c) = 19*c**2 + 6. Let v(d) = -7*o(d) + 4*r(d). Let f(u) = -u**2 - 2*u - 1. Let q be f(-3). Is v(q) a prime number?
True
Is 7*1 - (13 - 266015/5) composite?
False
Suppose -3*h + 110 = -8*h. Is ((-1959)/(-2))/((-33)/h) prime?
True
Let f(q) = -q**3 - 4*q**2 - q - 1. Let t be f(-4). Suppose 0*y - 261 = -t*y. Is y a prime number?
False
Suppose -12*h + 4*y = -14*h + 132434, -2*h = -2*y - 132446. Is h a prime number?
True
Let q = 9043 - 6370. Let g = q - 1444. Is g a prime number?
True
Suppose 80566 = 4*c - 104862. Is c a composite number?
True
Let h be (-6)/(9/(4545/10)). Let s = h + 634. Is s prime?
True
Suppose 3*p = 4*m - 1277, -4*m + 4*p + 303 = -3*m. Is m prime?
False
Let q(g) = -7*g**2 - 22*g - 3. Let c(h) = 15*h**2 + 44*h + 7. Let v(f) = -6*c(f) - 13*q(f). Is v(22) a prime number?
False
Is (-4)/18 + ((-9859784)/99)/(-8) composite?
True
Let j(l) = -2 - 11*l - 6 - 4 + 39*l. Let f be j(11). Suppose 2*z - 732 = -5*p, z + 3*z - f = -2*p. Is p a prime number?
False
Suppose 3*b + 475 + 47 = 0. Is b/(-24) + -7 - (-15782)/8 a composite number?
False
Suppose 0*t = -4*t - 28. Let l = t + 12. Is 7 + (2 - l) - -274 prime?
False
Let t = -76 - -129. Is (t/4)/((-13)/(-52)) prime?
True
Let q(n) = -n**3 + 7*n**2 - 3*n - 12. Let y be q(6). Suppose -3*c + y*c = 165. Suppose 0 = r - c - 94. Is r composite?
False
Is 98/(-14)*(-1801 - (-3 - -3)) composite?
True
Suppose 2*x - 58770 = 81*u - 85*u, -14694 = -u + x. Is u composite?
True
Let a(s) = -227*s + 12. Let p(i) = 340*i - 18. Let l(b) = -8*a(b) - 5*p(b). Let o be l(2). Suppose 1262 = 4*h + o. Is h prime?
False
Let q(l) = 22*l**2 - 6*l + 5. Is q(6) prime?
True
Let b = 6336 - -48113. Is b composite?
False
Let d = -2355 - -4534. Is d prime?
True
Let l be (-32036)/(-6)*(78/12 - 5). Let u = -862 + l. Is u composite?
True
Suppose -38*n + 26*n + 5280 = 0. Let i = n - -1533. Is i composite?
False
Let p(f) be the third derivative of f**6/120 - f**5/30 - f**3/6 + 18*f**2. Let n be 2 - (-5)/((-10)/(-4)). Is p(n) composite?
False
Let u(f) = f**3 + 7*f**2 - 3*f + 4. Let p be (66/(-55))/(6/(-20)). Let y = p - 11. Is u(y) a composite number?
True
Suppose o = -0*f + 4*f + 176, 4*f = -5*o + 856. Let k = 301 - o. Is k a prime number?
False
Let a = -5378 - -7960. Is (-2 + 3)*a/2 prime?
True
Let c = 18 - 21. Let r be 2/c - 11388/(-18). Suppose -q + h = -r, -2*q - 629 = -3*q - 2*h. Is q prime?
True
Suppose 7*t - 8*t + 2197 = 0. Suppose -4 = 2*k + 4, -3*y - 5*k = -t. Is y composite?
False
Let x(t) = t. Let f be x(5). Suppose -f*q - 2751 = -3*y - q, -4*q = 2*y - 1834. Is y a composite number?
True
Let a(f) = 127*f**3 - 15*f**2 + f - 10. Is a(3) a composite number?
True
Let d(w) = -w**3 + 9*w**2 - 7*w - 3. Let u be d(8). Suppose -4*s + 18 = 2*a - u*s, -5*s = -a. Let o(f) = -f**2 + 23*f + 13. Is o(a) a composite number?
True
Let w = -45285 - -64286. Is w a prime number?
True
Let j be 6/24 + ((-1066)/8 - -2). Let d = 466 + j. Is d composite?
True
Let h = -44 - -50. Let q(u) = 22*u + 13. Is q(h) composite?
True
Suppose -302 + 866 = -3*o. Let p = o - -349. Is p prime?
False
Let w(d) = -461*d**2 - 11*d + 458*d**2 + 50*d**3 + 0 + 2 - 1. Is w(4) a prime number?
True
Let d = -27 - -27. Suppose -m - 2768 = -4*f, d = -3*f + f - 3*m + 1370. Is f a prime number?
True
Let i = -3710 + 7724. Suppose -f + r + 6712 = 4*f, -3*f + 5*r = -i. Is f a prime number?
False
Is (-56902)/(-3) - (-2)/(-6) a composite number?
True
Let w(a) = -2562*a - 7. Let z(m) = -7687*m - 20. Let u(f) = 17*w(f) - 6*z(f). Is u(1) a prime number?
False
Let s = 78 - 76. Suppose -6*d + 4468 = -s*d. Is d a prime number?
True
Let a(o) = -o**3 + o**2. Let t be a(1). Let q(u) = -7*u + 409. Is q(t) prime?
True
Let v(y) = 29*y + 10. Let g be 106/10 - (-6)/15. Is v(g) a composite number?
True
Let k(z) be the third derivative of z**7/504 - z**6/120 - 3*z**5/40 - z**4/6 + 7*z**2. Let n(p) be the second derivative of k(p). Is n(8) a prime number?
True
Let a be 9/2 - 7/(-14). Suppose -a*b - 4*n + 827 = 0, 4*b - 5*n = -0*b + 637. Is b composite?
False
Let d(j) = 404*j - 5. Let k(o) = -807*o + 11. Let s(w) = 5*d(w) + 2*k(w). Let b be s(1). Let a = -282 + b. Is a a composite number?
True
Let z(j) = 26591*j - 4. Is z(1) prime?
False
Suppose 5*w + 35 = -5*r, -r = 1 + 2. Is (155 + -6)*(-4)/w prime?
True
Suppose 30 = 2*w - 4*d - 32, 2*w = 5*d + 65. Is (-351)/(-4) - w/(-20) a composite number?
False
Suppose 4*l - 71 + 15 = 0. Suppose -5*f + 39 = l. Suppose f*g + q = 4*q + 2048, -814 = -2*g - 4*q. Is g prime?
True
Let q(t) = -2*t**2 - 35*t + 11. Let n be q(-18). Let m(l) be the third derivative of -l**6/60 - 3*l**5/20 + 5*l**4/12 + 2*l**3/3 + 2*l**2. Is m(n) prime?
True
Let r be ((-2)/3)/(2/(-2043)). Let z = r + -308. Is z prime?
True
Suppose -5*r = -9*r + 16. Suppose -2*v - 5*z + 3469 = 0, 2*v - 2*z - 3496 = 2*z. Suppose 154 = -r*i + v. Is i prim